te d(2).
14
Let c(g) = 3*g**2 + 4*g + 2. Let s(j) = 7*j**2 + 8*j + 5. Let x(m) = -5*c(m) + 2*s(m). Let v be (1 - -1) + -1 + -6. Let p be (-1)/(-1)*v*1. What is x(p)?
-5
Let d(y) be the third derivative of -y**6/120 - y**5/20 + 5*y**4/24 + 2*y**3/3 - 3*y**2. Calculate d(-3).
-11
Let a = -121 - -113. Let l(v) = 2 + 2*v**3 + 6*v**2 - v**3 + 2*v**2. Give l(a).
2
Suppose 0*a - 2 = -a. Let s(v) = 2*v**a + 2*v**2 + 2*v**3 + v + 1 + 2*v. Determine s(-2).
-5
Let g(u) = -3*u**2 + 5*u - 2. Let a be g(3). Let q(z) = -z - 16. Let y be q(a). Let p(k) = -2*k**3 - 3*k**2 - k + 1. Give p(y).
7
Let i(y) be the first derivative of -y**5/20 + 5*y**4/12 - y**3/2 - 3*y + 3. Let u(s) be the first derivative of i(s). What is u(4)?
4
Let x(d) = -d**3 - 8*d**2 - 2*d - 15. Let k be x(-8). Let b(f) = -18*f**3 - 2*f**2 + 1. Calculate b(k).
-19
Let a(d) = 3*d + 2. Let r be a(3). Suppose -5*p + 9 = -r. Let b(l) = -l**2 + 3*l - 5. What is b(p)?
-9
Suppose 0*h - 2*h + 20 = 0. Suppose -5*o = h, -6*p + p + 15 = -5*o. Let n(u) = -6*u**2. Calculate n(p).
-6
Suppose -d + 4*d = 0. Let c(r) be the second derivative of -r**5/20 - r**3/6 - r**2/2 + 147*r. Calculate c(d).
-1
Let l(g) be the first derivative of g**2/2 - 3*g + 42. Determine l(-11).
-14
Let u(r) = r**2 + 20*r - 98. Let q be u(-24). Let k(m) be the third derivative of m**5/30 - m**4/24 + m**3/6 - m**2. Determine k(q).
11
Let m(g) = 2*g**2 + g - 1. Let w be (-126)/15 - 4/(-10). Let q = w + 6. Determine m(q).
5
Suppose 5*h + 5 = -15. Let z(f) = -f**2 - 5*f + 4. Give z(h).
8
Let h(y) = 5*y - 10 - 13 + 2*y**2 + 21 - 3*y. Determine h(-2).
2
Let i(a) = -3 + 4 - a**3 - 6 + 4 + 2*a. Let u be i(2). Let m(w) be the third derivative of w**6/120 + w**5/12 - w**4/12 - w**3/3 + w**2. Determine m(u).
8
Suppose -w + 4 = -3*h, -4*w - 1 = -4*h - 9. Let f(m) = m - w + 2 + m - 3. Let c be (0 - (-2 - -4))*-1. Calculate f(c).
2
Let r(j) be the third derivative of 1/6*j**4 + j**2 - 1/3*j**3 + 0*j + 0. Let x be (-22)/(-12) + 1/6. Give r(x).
6
Suppose -5*u + 25 = -2*l, 5*l - 5 - 10 = -3*u. Suppose -p - p - 4 = l. Let q be p - 1 - (-1 - 0). Let x(n) = 2*n**2 + 3*n. Calculate x(q).
2
Let l(k) = -8*k**2 - k. Let w(g) = -2*g - 1. Let d be w(-3). Suppose 0 = -z + 2*c - 6 - 3, 5*z - 2*c = -d. Determine l(z).
-9
Let x(r) = r**2 - r + 1. Let w(m) = m**3 + 4*m**2 - 5*m + 6. Let i(h) = w(h) - 3*x(h). Give i(-3).
-9
Let c(a) = 12*a - 3. Let z(m) = -4*m + 1. Let y(o) = 2*c(o) + 7*z(o). Let b = -5 - -10. Suppose 2*u + 9 + 5 = 4*s, u - b*s + 19 = 0. What is y(u)?
-3
Let q(s) = -2*s**3 + 2*s**2 + 2. Let h = 0 - -2. Let o = h - 0. Suppose o*x - 5 = -1. Give q(x).
-6
Let b(u) be the third derivative of u**6/120 - u**5/10 - u**4/4 + 7*u**2. What is b(7)?
7
Let k be (-10)/1*(-4)/(-8). Let s(z) = z**3 + 5*z**2. Determine s(k).
0
Let t(v) = v**3 - 7*v**2 + v - 4. Let n be t(7). Let p(q) = 1 + 1 - 1 + n*q. Let o = 6 - 9. Calculate p(o).
-8
Let l(o) = -o + 0*o - 32 + 27. Determine l(-9).
4
Let j(i) be the third derivative of 2*i**2 - 1/6*i**4 - 1/6*i**3 + 0*i + 1/120*i**6 + 0 + 1/60*i**5. Let y be (-36)/8 + (-9)/(-6). Give j(y).
-7
Let r = -68 + 71. Let q(l) = -l**3 + 4*l**2 - 3*l + 2. Determine q(r).
2
Let n(f) = f**2 + 6*f + 3. Let d = 16 - 2. Let a = d - 20. Calculate n(a).
3
Let i(f) = 3 + f**3 + 0 + 5*f**2 - 4 + 5*f. Suppose -n - 4*l - 11 = 2*n, 4*l + 20 = 0. Suppose -n*c = 2*c + 20. Determine i(c).
-5
Let w be 48/(-18)*27/(-12). Let j(a) = -3*a**2 + 4*a + w*a**2 + 2 + a**3 - a**2. What is j(-2)?
-6
Let w(h) = -h**2 - 7*h + 6. Let g(i) = i**2 + 6*i - 5. Let c(m) = -7*g(m) - 6*w(m). What is c(3)?
-10
Let o(m) = -3*m**2 + 11*m - 4. Let h(k) = -3*k**2 + 13*k - 5. Let z(u) = -4*h(u) + 5*o(u). Give z(2).
-6
Let f(o) = 3*o - 3. Suppose 0 = -c - 2*c + 15. Let y(z) = 4*z - 3. Let j(b) = c*f(b) - 4*y(b). Give j(-4).
1
Let r(q) be the second derivative of -q**4/12 - q**3 + q**2 - 4*q - 2. Give r(-3).
11
Let o(h) = 16 + h**2 + 212*h - 212*h. What is o(0)?
16
Let l(z) = z - 7. Let o be l(6). Let d(x) be the second derivative of x**4/3 + x**2/2 - 2*x. Calculate d(o).
5
Let j = 102 + -111. Let g(h) = h**3 + 9*h**2 + 2*h + 4. Determine g(j).
-14
Let y(m) = m**3 + 6*m**2 + m - 1. Let a(b) = b**3 - 3*b**2 - 5*b - 2. Let k be a(4). Determine y(k).
-7
Suppose -q + 2*q - 4 = 0. Let c = 7 - -1. Let p(i) = -2 + 17*i - 10*i - c*i. Determine p(q).
-6
Let h(r) = 3*r**2 + 5. Let c(n) = 4*n**2 + n + 5. Let g be 1 + -1 + (0 - -5). Let o(k) = g*h(k) - 4*c(k). Determine o(-4).
5
Suppose -j - 3*o - 3 = 0, 2*j - 3*o + 3 = 15. Let w be (6/(-4))/(j/(-4)). Let s(v) = -1 + 0*v**w + 3*v + 2*v**2 - 3*v**2. What is s(3)?
-1
Let g(j) be the second derivative of -2*j**2 + 0 - 4*j + 1/2*j**3. What is g(3)?
5
Let r(i) be the first derivative of 2 + 0*i + 9/2*i**2. Determine r(-1).
-9
Let q(u) = u**3 - 5*u**2 + 2. Let h(m) = m**3 - 6*m**2 + 5*m + 7. Let s be h(5). Let d = -15 + 33. Suppose 5*p - s = d. Determine q(p).
2
Let h = 4 - -10. Let w(d) = 3 - 19 + 10 + d**2 + h. Calculate w(0).
8
Let f be (-140)/48 + 7 + -4. Let a(h) be the second derivative of 0*h**3 - f*h**4 + 1/20*h**5 + 0 - 5/2*h**2 + 2*h. Calculate a(0).
-5
Let l be (-2)/6 - 40/15. Let n = -11 - l. Let v = n - -7. Let r(d) = 4*d**2 + d + 1. Determine r(v).
4
Let w(u) be the third derivative of -u**8/6720 - u**7/420 - u**6/120 + u**5/120 - u**4/12 + u**2. Let d(g) be the second derivative of w(g). Calculate d(-5).
6
Let n(g) = -g**2 - 7*g + 6. Let v(s) = -6*s**2 - 35*s + 31. Let y(k) = -11*n(k) + 2*v(k). Let z be 4 - (8/18 + (-45)/(-81)). Give y(z).
8
Let c(d) be the first derivative of -d**3/3 + 1. Let a be c(0). Let w(n) = 2*n**2 - n**2 - n + a*n**2 - 3. Determine w(4).
9
Let h(s) be the second derivative of 4*s + 0 - 3*s**2 - 1/6*s**3. Calculate h(0).
-6
Let h(n) = 8*n. Let z = 11 - 12. Calculate h(z).
-8
Suppose -5*n = -3*m - 57, 3*n + 5*m - 41 = -0*n. Let o = n - 7. Let h(a) = -a**2 + 4*a + 5. What is h(o)?
0
Let t(y) = -y**2 + 6*y**2 - y**3 + 3 + y + 2*y**3. What is t(-5)?
-2
Let o(m) = 5*m + 2. Let z be (-28)/(-49) - 25/7. Calculate o(z).
-13
Let w(k) = -6*k + 1 + 5 + 8*k. Suppose -3*x + x - 10 = 0. Calculate w(x).
-4
Suppose -28*r + 35*r = 7. Let w(y) = -2*y + 1 + 5*y - 5*y. Calculate w(r).
-1
Let r(b) be the third derivative of -b**4/24 + b**2. Let s(n) = n**2 - n. Let a be s(3). Suppose 5*v - x + a = 0, -x = 3*v + 2*x. Give r(v).
1
Suppose y + 2*q = -6, -5*y + 4*q + 16 = -10. Let i(n) = -n**3 + 2*n**2 + n. What is i(y)?
2
Let a(j) = -2*j + 7*j - 5*j - j - 7. Calculate a(-8).
1
Let f(p) = 1 - 2*p + p**2 - 4 + 1 + 3. Let d = -8 - -11. Determine f(d).
4
Let d(p) = 5*p + 2 - 2*p - 6*p. Let s be -2*((-1)/(-3) - 7/3). What is d(s)?
-10
Let x(g) be the first derivative of g**3/6 + 7*g**2/2 + 5*g + 3. Let n(l) be the first derivative of x(l). Determine n(0).
7
Let p(r) = r + 6. Suppose c - 18 = -2*c. Suppose -s = 5*q - 15, -3*q - 4*s - c = 2. Suppose -3*y = 2*i + 7, 32 = -q*y - 0*i + 3*i. Determine p(y).
1
Let j(h) = -h**2 + 4*h + 1. Suppose 8*b = 9*b - 5. What is j(b)?
-4
Let t(g) = -5*g**2 - g + 5. Suppose 5*c + 17 - 82 = 0. Let d(z) = -c + 0*z**2 + 11*z**2 + z + 3. Let b(n) = 6*d(n) + 13*t(n). Determine b(5).
-5
Suppose -4*k + 5*q = -0*k + 9, -32 = -3*k - 4*q. Let v(p) = p + 3. Let c(u) = -6*u - 4. Let x(t) = c(t) + 3*v(t). Calculate x(k).
-7
Let z(p) = -p + 5. Let l = -33 - -33. Let m(s) = 3*s**2. Let x be m(-1). Suppose c + x*c = l. Give z(c).
5
Let k(p) be the third derivative of p**6/120 - p**5/12 + p**4/24 - 2*p**3/3 + p**2. Suppose 15 = -0*o + 3*o. Determine k(o).
1
Suppose 3*h - 9 + 0 = 0. Let l(v) = -v - 1. Let x be l(h). Let o(q) be the second derivative of -q**5/20 - 5*q**4/12 - q**3 - q. Give o(x).
8
Let y = -3 - 0. Suppose -2*s + 6 = -2*u, 1 = 2*s + 3*u - 0. Let x(l) = -3 - l + 3*l + 0*l + l**s. What is x(y)?
0
Let j = 2/477 - -151/1908. Let z(d) be the second derivative of -3*d**2 + j*d**4 + 0 - d**3 - 2*d. Determine z(6).
-6
Let r(w) be the first derivative of -w**3/3 + 9*w**2/2 - 8*w + 7. What is r(6)?
10
Suppose 3*p + 16 = 7*p. Suppose -p = -f + 1. Suppose -5*l - 3*q = 21, 2*l + f*q - 4*q = -8. Let j(w) = -3*w - 3. What is j(l)?
6
Let l(o) = o**2 - 5*o - 2. Let v be l(5). Let x(g) = -g**3 + 8*g**2 + 8*g + 13. Let p be x(9). Let r(a) = 7*a + 4*a**2 - p*a + 2*a**3 - a**3. Calculate r(v).
2
Suppose 5 = 2*c - 3. Suppose 0 =